 124, -6*b + 88 = 2*i - 2*b. Let h = -24 - i. Let y be h*(-16)/18*3. What is the highest common factor of 22 and y?
22
Let f be (-6 - -8)/(5/100*1). What is the greatest common factor of 20 and f?
20
Suppose -86*v + 82*v = -12. Suppose 4*t - 9 = -o, -5*o - t + 3 = -2*t. Let i be v*o/3 - -27. Calculate the greatest common divisor of i and 84.
28
Suppose 0 = -5*v + 43 - 3. Let m(f) = -f**3 - 5*f**2 + 2*f - 4. Suppose 5*x = 6*x + 6. Let n be m(x). What is the highest common divisor of v and n?
4
Let u be 12/2 + (0 - -2). Let o be (115/10)/((-1)/(-14)). Let g = o + -89. What is the greatest common divisor of g and u?
8
Suppose -5*x + 764 = b, b - 3*b = -3*x - 1554. What is the greatest common factor of b and 6?
6
Suppose -r - 6 + 4 = 5*f, -2*f - 6 = 0. Suppose -5*v + 8 = -2. Suppose -3*w - v = q, 4*q - 2*w + 3*w - 47 = 0. Calculate the highest common factor of q and r.
13
Let n(z) = -z**3 + 23*z**2 + 30*z - 81. Let b be n(24). Let d = -12 + 19. What is the highest common factor of b and d?
7
Let k = -25 - -44. Suppose -4*g + 7 + 43 = 2*v, -k = -2*g + 5*v. What is the greatest common factor of g and 36?
12
Let k = -38 - -53. Suppose 5*f = k + 270. What is the highest common divisor of f and 38?
19
Let c = 11 - -79. Let a(p) = -25*p + 159. Let i be a(6). What is the highest common divisor of c and i?
9
Suppose -91*g = -97*g + 36. Calculate the highest common divisor of 402 and g.
6
Suppose 0 = 4*a - 8*a - 20. Let u = a - -5. Suppose u = -3*x - 2*x - 5*v, -4*v = -3*x + 21. What is the highest common divisor of x and 1?
1
Let h = -789 + 828. Calculate the highest common factor of 117 and h.
39
Let f(v) = -3*v**2 + 109*v + 914. Let q be f(-7). Suppose 0 = -5*m + 2 + 13. What is the highest common factor of m and q?
1
Let o(c) = -c**2 + 14*c + 51. Let j be o(0). Calculate the highest common factor of j and 51.
51
Suppose 6*x + 19 = 91. Suppose 13*f = 4*y + x*f - 257, 5*y + 4*f - 295 = 0. What is the highest common factor of 27 and y?
9
Let j(i) = i**2 - 13*i + 8. Let y = -27 + 40. Let x be j(y). What is the highest common divisor of 2 and x?
2
Let j be (-14)/7*-1 + (-262)/(-2). What is the highest common factor of 38 and j?
19
Suppose l - 7*l = 372. Let d = l - -40. Let y = 25 + d. Calculate the greatest common factor of 21 and y.
3
Let o(b) = 7*b + 120. Let w be o(9). Calculate the highest common divisor of w and 122.
61
Let c = 2146 + -1708. Calculate the greatest common divisor of c and 1022.
146
Suppose 3*f = 4*f + 2. Let s be (6/(-15))/(f/50). What is the greatest common divisor of s and 30?
10
Let r(g) = -g**3 - 26*g**2 + 10*g - 54. Let n be r(-27). Calculate the highest common factor of n and 10.
5
Let m = -12 + 26. Let y = 154 + m. Calculate the highest common factor of y and 21.
21
Suppose 5*y - 3*r = -5*r - 25, -3*y - 2*r - 15 = 0. Let d(z) = z**3 + 6*z**2 - z + 1. Let v be d(y). Calculate the greatest common divisor of v and 31.
31
Suppose -4*m - 3 = -11. Suppose -50 = 5*j - 2*n, -3*n - n = -m*j - 4. Let h be 0 + (-1)/(1/j). Calculate the highest common divisor of 108 and h.
12
Let o be (14/(-6))/((-25)/1725). Calculate the highest common divisor of 3703 and o.
161
Let k be 18*(-14)/(-8)*20/210. Calculate the highest common factor of k and 16.
1
Let v(w) = -120*w + 6. Let l be v(-2). What is the greatest common divisor of 6 and l?
6
Let v = -23 - -29. Suppose -3*k - v = -5*w, 3*w = -1 + 10. Let d = 8 - 6. What is the highest common divisor of k and d?
1
Let t = 478 + -462. What is the greatest common factor of t and 14?
2
Let c be 0/(-2) - (8 + -56). What is the greatest common factor of c and 24?
24
Let v = 8 + 87. Let p(d) = 3*d**2 + 4*d - 1. Let j be p(3). Calculate the greatest common factor of j and v.
19
Suppose 78*f = 73*f + 480. What is the greatest common divisor of 12 and f?
12
Let k be (-4 - 2)/((-6)/40). Suppose -3*a = -2*i - 12, 5*a + 1 = i + 7. Let w be (5/(-3))/(2/i). Calculate the highest common factor of k and w.
5
Suppose 15*p + 359 = 1499. Suppose 0 = 4*r + 4, 4*z - 2*r = 109 + 121. Calculate the highest common factor of z and p.
19
Suppose -65*a = -28*a - 444. Let s = 135 + -27. Calculate the greatest common divisor of s and a.
12
Let l = 27 - 28. Let v(m) = 9*m + 2. Let u(w) = -8*w - 2. Let a(c) = -4*u(c) - 5*v(c). Let n be a(l). Calculate the highest common factor of n and 22.
11
Let g be (-2)/(-1) - (1 + -38). Let z(q) = q**2 + 61*q + 356. Let s be z(-6). What is the highest common factor of s and g?
13
Suppose -b + 7*v = 4*v - 288, 3*v = 5*b - 1476. Suppose -2*j - b = 61. Let p = j - -304. Calculate the greatest common divisor of 50 and p.
25
Let s = -49 + 42. Let q be s/(-2)*-6*(-8)/84. Calculate the greatest common divisor of 22 and q.
2
Suppose -i + 64 = -0*i. Let j(p) = 4*p**2 + 5*p - 5. Let w be j(-3). What is the greatest common divisor of i and w?
16
Let h = -15 + 23. Let t(q) be the second derivative of q**4/12 + q**3/6 - 2*q**2 + 6*q. Let k be t(-3). Calculate the highest common divisor of h and k.
2
Let x(a) = -103*a - 37. Let t be x(-2). What is the highest common divisor of t and 65?
13
Let a = 12 + -19. Let g(c) = -c**3 - 8*c**2 - 6*c + 9. Let x be g(a). What is the highest common factor of x and 4?
2
Suppose 33 = 13*s - 32. Calculate the highest common divisor of 235 and s.
5
Suppose -3*u = -p + 4 + 69, -3*u = -4*p + 265. Suppose 9*l - 193 + 121 = 0. Calculate the highest common factor of p and l.
8
Let y = 379 + -372. Calculate the greatest common divisor of y and 14.
7
Let i be 1/((-2)/4) - 8064/(-288). Calculate the greatest common factor of 2938 and i.
26
Let a be (-20)/10*(-27)/6. What is the highest common factor of a and 243?
9
Let r = -39 - -56. Suppose -5*z + 3*q + 424 = -347, 4*z - 618 = 3*q. Calculate the highest common divisor of z and r.
17
Let q be 4/(-60)*-12*-5 - -62. What is the greatest common divisor of q and 261?
29
Let a(h) = -3*h - 4. Let b be a(-3). Let z(g) = -2*g + 25. Let k be z(10). What is the greatest common divisor of b and k?
5
Let j = -279 + 464. What is the highest common divisor of j and 5?
5
Suppose 44 = 3*b - 4. Suppose 0 = b*y - 13*y - 75. Calculate the highest common factor of y and 25.
25
Let r be 3 + 606/6 - -6. Calculate the greatest common divisor of 66 and r.
22
Let i(t) = 6*t**2 + 10*t + 4. Let f be i(-3). What is the greatest common divisor of 14 and f?
14
Suppose -27*r + 358 = 34. Let j = -91 + 151. What is the highest common divisor of j and r?
12
Let g(a) = -5*a - 1. Let z(c) = -c + 5. Let l be z(6). Let d be g(l). Suppose 2*j = -j + 6, -2*u = -d*j + 6. Calculate the greatest common factor of 7 and u.
1
Let p be 15*14/((-154)/(-627)). Calculate the highest common factor of p and 15.
15
Suppose 29 - 129 = -10*t. What is the highest common factor of t and 20?
10
Let v be (16 + 11)*(-39)/(-9). Let q = 62 - 23. Calculate the highest common factor of q and v.
39
Let j = 93 + -75. Suppose -318 - 78 = -2*t. Calculate the highest common divisor of t and j.
18
Suppose 0 = -3*m + 15. Suppose -f - 2*k - 3*k = -17, -m*k - 43 = -4*f. What is the highest common divisor of f and 132?
12
Suppose -3*m = -4*n + 1326, 2*n - 378 - 276 = -3*m. Calculate the greatest common divisor of n and 11.
11
Let o = -63 + -442. Let j = o + 780. What is the highest common divisor of 25 and j?
25
Let c(n) = n**3 + 6*n**2 + 16*n + 84. Let q be c(-4). Calculate the greatest common factor of 13 and q.
13
Let o(d) = -d**3 - 7*d**2 + 4*d + 5. Let k be o(-5). Let m = 198 + k. What is the highest common factor of m and 19?
19
Let m(k) = -2*k + 2. Let h be m(-2). Suppose -5*t - 97 = 4*v - 146, -t = 10*v - 65. Calculate the greatest common divisor of v and h.
6
Let f be -4*(3 + -4) - 224. Let z be 18/63 + f/(-14). Calculate the greatest common divisor of 144 and z.
16
Let k = 641 - 524. What is the highest common divisor of 45 and k?
9
Let h be (6 - -3)*3/9. Suppose 5*i - 423 = h*d - d, -d = -i + 84. What is the highest common divisor of i and 17?
17
Let k(j) = 15*j + 1. Let r be k(-1). Let v(m) = 4*m + 6. Let a be v(-7). Let z = r - a. Calculate the highest common divisor of 24 and z.
8
Let c(o) = -2*o. Let r be c(-6). Suppose -g + 2*q + 128 = 0, -3*q = -6*q + 6. What is the greatest common factor of g and r?
12
Suppose -28*t + 7992 = 46*t. Calculate the highest common divisor of t and 60.
12
Su